4210. Let w(o) = o + 49. Determine w(u).
62
Let c(y) = -5*y**2 + y - 65. Let d(a) = -3*a**2 + a - 44. Let s(q) = -5*c(q) + 8*d(q). Let b be s(-6). Let r(o) = -o - 8. Calculate r(b).
1
Let z(a) = a**2 + a. Let c(v) = 5*v**2 + 16*v + 13. Let r(j) = c(j) - 4*z(j). Suppose -6*x = -10*x - 48. What is r(x)?
13
Let w(c) = 9*c**2 + c - 1. Let u be w(1). Suppose 5*q + 12 = p + 2, 3*p - 5*q - 20 = 0. Suppose p - u = f. Let s(v) = -v**2 - 4*v + 5. Give s(f).
5
Let a(f) be the third derivative of -1/4*f**4 + 7/6*f**3 + 11*f**2 + 0 + 0*f. Let w(v) = -7*v + 9. Let r(k) = 6*a(k) - 5*w(k). Determine r(-8).
5
Let a(r) = 2*r + 1. Let p(s) = -11*s**3 + 2*s**2 - 2 + 6*s**3 + 4*s**3. Let c be p(2). Let y be -2*(-8)/(-8)*(-2)/c. Calculate a(y).
-3
Suppose -21*o + 24*o = 0. Suppose o = -5*f - 1 + 36. Suppose 4*u + 37 = -2*k + f*k, u + k - 2 = 0. Let m(l) = -l**2 - 4*l + 4. Determine m(u).
7
Let f(m) be the third derivative of 7*m**4/24 - m**3/2 - 3*m**2 + 332. Give f(2).
11
Let p(s) be the third derivative of 1/24*s**4 - 2/3*s**3 + 0 - 2*s - 5*s**2. Suppose -3*y - 2*o + 12 = -7, -4*y = -2*o - 2. Calculate p(y).
-1
Let q(z) = 5*z**2 - 4*z - 27. Let f = -213 + 212. Let y(m) = m**2 - m - 3. Let o(i) = f*q(i) + 4*y(i). Give o(0).
15
Let h(o) = -46*o - 303. Let t(d) = -66*d - 1195. Let w be t(-18). What is h(w)?
19
Let c(h) be the third derivative of h**7/840 - h**6/180 - h**5/30 - h**4/8 - 28*h**3/3 - 2*h**2. Let m(z) be the first derivative of c(z). Calculate m(-2).
-11
Let v(h) = -h**2 + 4*h - 3. Let d = 11 + -32. Let w = -14 - d. Suppose -w*m + 6 = -4*m. Calculate v(m).
1
Suppose -2*j - 5*i = 26, j + j - 3*i + 10 = 0. Let t(d) = 2 + 4018*d - 8057*d + 4038*d. Give t(j).
10
Let b(g) = -2*g**2 + 4*g + 9. Let q be (27/(-126))/((-2)/28). Calculate b(q).
3
Let q(u) be the third derivative of -1/60*u**5 + 1/120*u**6 + 1/2*u**3 - 1/8*u**4 + 0*u + 23*u**2 + 0. Let n = -6 + 8. Determine q(n).
1
Let o(i) be the second derivative of -i**5/60 - 3*i**4/8 + i**3/3 + 81*i**2/2 - 37*i. Let v(h) be the first derivative of o(h). What is v(-8)?
10
Let o = -9 - 3. Let z(u) = -489 + 888 + u - 398. Determine z(o).
-11
Let j(r) = 11*r**2 + 30*r - 7. Let p be j(-4). Let x(o) be the second derivative of p*o - 1/6*o**3 + 2*o**2 + 0. Calculate x(4).
0
Let s(p) = -p**2 - 68*p - 146. Let u be s(-66). Let w(z) = -z**2 - 15*z - 7. Determine w(u).
7
Let s be ((3 - -19) + -4)*(-21)/(-2). Let l = 189 - s. Let n(q) = q - 14. Calculate n(l).
-14
Suppose -5*v - 3*s + 111 = 0, -23*v = -19*v + 2*s - 92. Let u(d) = -4*d + 48. Give u(v).
-60
Suppose -30 = -6*g - 0. Suppose 1 = -2*k + 17. Let v(m) = -m + 2*m + k + m - g. Calculate v(4).
11
Let g(v) = 11825*v**2 - 7*v + 11782*v**2 - 5 - 2*v - 23608*v**2. Let w(o) = -o - 4. Let y be w(-5). Let n be 9*1/(y - 2). Calculate g(n).
-5
Let h(i) = i + 8. Suppose -36*g + 64*g = 51*g + 253. Determine h(g).
-3
Let k(q) = -3*q**2 - 17*q - 1. Let d = -14274 - -14269. Give k(d).
9
Let v(b) = 4*b**2 + 60*b + 6*b**2 - 61*b - 1. Let h(k) be the first derivative of -k**3/3 + 9*k**2/2 - 9*k - 6. Let p be h(8). Determine v(p).
10
Let z(a) = a - 10. Suppose -17*l + 12*l = -10. Suppose -3*g = -2*k - 30, -2*g + l*k - 3*k = -27. Calculate z(g).
2
Let k be 2*(-1 + 0)*((-270)/(-20) + -17). Let p(f) = f**3 - 6*f**2 + 9*f - 4. Calculate p(k).
108
Let m(k) = 11*k - 5. Let w(q) = 13*q**2 - 4*q - 1. Let x(u) = 23*u**2 - 7*u - 2. Let t(z) = -7*w(z) + 4*x(z). Let p(c) = -m(c) + t(c). Calculate p(10).
-6
Suppose 3*p + 2*c = 35, 5*p + 3*c = 4*c + 41. Let t(h) = 6 - h**2 - p*h + 11*h - 7. Let o be t(3). Let r(s) = -s**2 - 10*s - 4. Give r(o).
20
Let t(h) = 3*h + 49. Let g(a) = 2*a**3 - 20*a**2 + 47*a - 13. Let r be g(6). Give t(r).
-8
Let j(s) = s**3 + 6*s**2 - 7*s - 7. Suppose -2*l - 1 = -13. Let b be l/(-36) - 1/(6/41). Give j(b).
-7
Suppose -4*l = -0 - 8. Suppose 6 = -l*f, 3*i + 6 = 5*f + 3. Let d(v) be the third derivative of -v**4/24 - 7*v**3/6 + v**2 - 46. Give d(i).
-1
Suppose -185*u + 242 = -313. Let d(i) be the first derivative of 2/3*i**u + 8 - 2*i - 1/2*i**4 + i**2. Determine d(2).
-6
Let n be ((-24)/8)/(0 - 9/6). Suppose 0 = 4*g + d + 50, 7*d = -g + n*d - 3. Let r(p) = p**2 + 12*p - 4. Calculate r(g).
9
Let h(q) = -q**3 - 7*q**2 - 5*q + 2. Let w be h(-6). Suppose -4*f + 7 = -d - 5, 5*d - 3 = -f. Let l(c) = c + d + 6 - 9. Give l(w).
-7
Let p(a) = a**3 + a**2 + a + 1. Suppose -3*s + 23 = 2. Let b(w) = 22*w + 345. Let x be b(-15). Suppose -5*i = 5*r - x, s - 1 = 2*i. Determine p(r).
1
Let g(n) = 58*n - 694. Let d be g(12). Let j(o) be the first derivative of 22 - 3*o + 1/3*o**3 - 7/2*o**d. Determine j(6).
-9
Let j(k) = k**2 - 6*k - 4. Let q(b) = b + 8. Let u be q(-5). Let o(l) = -4*l + 18. Let i be o(u). Determine j(i).
-4
Let d(f) = -4*f + 5. Let b(p) = 82*p + 497. Let n be b(-6). Give d(n).
-15
Let r(v) = -v - 4. Let l = -4079 + 4075. Let b = -10 - -5. Let a be 10/b - (l - -9). Calculate r(a).
3
Let s(g) = g**3 - 2*g**2 + 9*g + 9. Let x(p) = -3*p - 2. Let u(a) = s(a) + 2*x(a). What is u(0)?
5
Let i(p) = p**3 - 36*p**2 - 38*p + 56. Let a be i(37). Let g(j) = 2*j**3 - 37*j**2 - 19*j - 5. Let f be g(a). Let u(w) = w**2 - 3*w - 3. What is u(f)?
37
Let u(z) = z**3 - 6*z**2 + 5*z + 4. Let k = 152 - 107. Let w = k + -40. Determine u(w).
4
Suppose 45*i + 91*i + 544 = 0. Let x(v) = -4*v**2 - 2*v - 10. What is x(i)?
-66
Let k(h) = h**2 + 7*h - 7. Let l(j) = -j**2 - 6*j + 7. Let w(t) = -5*k(t) - 4*l(t). Suppose -3264 = 383*g - 111*g. Determine w(g).
-5
Suppose 0 = 3*c - 5*q + 7, -3*c + 38 = 820*q - 816*q. Let k(r) = r**3 - 6*r**2 - 5*r + 20. Calculate k(c).
-10
Let s(l) = l**2 - 2. Let i = -143 + 145. What is s(i)?
2
Let p(f) = -17 - 7 + 4*f - 3 + 23 + 14*f**2. Determine p(2).
60
Let a(p) = 14 + 225*p - 112*p - 112*p. Suppose s + 3*d - 7 = -23, s = 5*d + 8. What is a(s)?
7
Let t(m) be the second derivative of m**8/6720 - m**7/2520 - m**6/60 + 3*m**5/40 - 41*m**4/3 - 9*m - 1. Let a(p) be the third derivative of t(p). Give a(4).
9
Let z(u) = u + 7. Let s be z(-4). Suppose -4*x = s*c - 12 - 31, c + 2*x = 17. Let v(j) = -2*j + 6. Determine v(c).
-12
Let m(q) = -389*q - 395. Let b be m(-1). Suppose 0*j = -2*j + 4. Let x = j + b. Let v(a) = a**2 + 2*a - 1. What is v(x)?
7
Suppose -l - 14 = 2*j, 381 = -5*j - 4*l + 349. Let z(o) = -o**3 - 7*o**2 + 9*o + 6. Calculate z(j).
-2
Let u(y) = y**3 + 0*y**3 + y**2 + 3*y - 132 - 4*y**2 + 136. Calculate u(2).
6
Let v(h) = -17*h + 560*h**2 - 39 + 467*h**2 - 1029*h**2. Calculate v(-5).
-4
Suppose -3*r + 0*r + 12 = 0. Let h(b) be the first derivative of -5*b**2 + 3*b - 17671. Calculate h(r).
-37
Let j(l) = l + 1. Let w be ((-8)/(-6))/(348/261). Let t be (2/3)/(4/72). Let g be ((-8)/t)/(w/(9/2)). Determine j(g).
-2
Suppose 2*l + 22 = 78. Let g(n) = -l + 3*n + 73 - 38. What is g(-9)?
-20
Let m(l) = -13*l**2 - 99*l + 36. Let r be m(-8). Let a(v) = -5*v - 14. What is a(r)?
6
Let q be (-9)/(-6)*32/6. Let a(i) = -14*i + q*i + 5*i + 1 + 0. Suppose 4*f + 13 = 21. Give a(f).
-1
Suppose 236*a - 1249 - 2527 = 0. Let g(s) = s**3 - 17*s**2 + 16*s - 7. Determine g(a).
-7
Let t(u) be the third derivative of u**4/12 + u**3/2 - 3*u**2. Suppose -66*c + 27 + 130 + 305 = 0. Calculate t(c).
17
Let b(f) = -12*f. Let w(x) = 2*x**2 - 15*x - 11. Suppose 168*v = 155*v + 104. Let u be w(v). Calculate b(u).
36
Let n(q) be the second derivative of -q**3/6 - 3*q**2/2 - 6*q. Let u(g) = 0 - 12*g**3 - 13*g**3 + 9*g**2 - 2 + 24*g**3. Let w be u(9). Give n(w).
-1
Let k(f) = 24*f + 8. Let x(i) = -87*i - 25. Let n(l) = 7*k(l) + 2*x(l). Calculate n(5).
-24
Let a(f) = -f**2 - 4*f - 1. Let d be a(-4). Let c be 0/4 + (d - -3). Let g(o) = -o**c - 20*o**3 + 2*o**2 - 8*o + 2*o + 5*o. What is g(1)?
-20
Let m(t) be the first derivative of -1/2*t**2 + 15*t + 142. Calculate m(8).
7
Let t(u) = u**3 + 38*u**2 - 81*u - 41. Let p = 9302 - 9342. Calculate t(p).
-1
Suppose v = 2*v - 3*j - 1, -6 = -2*v + 2*j. Suppose -15 = -v*b - 3*z + 1, 0 = -4*z - 16. Suppose b*w - w = 12. Let g(d) = -4*d - 2. Determine g(w).
-10
Let d(k) be the third derivative of -k**6/120 - k**5/30 + k**4/24 + 4*k**3/3 - 1846*k**2. Give d(-2).
6
Let m(o) be the second derivative of -o**6/180 + o**5/60 - 9*o**4/2 + o**3/3 + o + 19. Let p(w) be the third derivative of m(w). Give p(5).
-18
Let o(l) = -5 - 6*l + 5 + 6. Let k(q) = 6*q - 34. Let a b